 of p(d)?
1
Suppose 9 + 0 = 3*i. Suppose -2*l = 4*a + 2, l - i*a + 1 = -0*l. What is the tens digit of (-3 - 6/l) + 29?
3
Suppose 2*u - p = -12, 4*u = -2*p - 2*p. What is the units digit of ((-2)/u + -1)*-154?
7
Suppose 2*r + 2*r - 101 = -5*f, 4*r = 3*f - 35. Let b be 52/1 + (-9)/(-9) - -3. Let t = b - f. What is the units digit of t?
9
Suppose 0*c - c - 5 = 0, 5*c = -d + 2549. What is the thousands digit of d?
2
Suppose -3554*o + 3560*o - 2862 = 0. What is the hundreds digit of o?
4
Suppose 3*p = -4*m + 22, 5*m - m = 5*p + 6. Suppose -3*c = k - 97, -5*k + 165 = c + m*c. What is the tens digit of c?
3
Suppose 0 = -0*c + 2*c. Suppose c*l = 2*l + 2*t, 5*t = 5*l - 20. Suppose -l*a - 2*d - d = -86, 2*a + 4*d = 88. What is the tens digit of a?
4
Let h be 1 + (4 - (-15 + 4)). Suppose -4*t = 3*c - h + 110, 0 = -2*c - 5*t - 58. Let o = 56 + c. What is the tens digit of o?
2
Let b = 40 - 22. Suppose m + b = -2*o + 47, -5*m = -5*o - 130. What is the units digit of m?
7
Suppose -3*v = 15, v + 7 = 3*o - 1. Let d = o + -9. What is the units digit of (-222)/d - (-18)/(-24)?
7
Suppose -9*a + 1348 = -6239. What is the units digit of a?
3
Let k = 44 - 34. Suppose 6*u + 424 = k*u. What is the tens digit of u?
0
Let c(x) = 30*x**2 + 37*x - 5. What is the tens digit of c(-2)?
4
Let j(c) = c**2 - 7*c + 7. Let m be j(7). Suppose m*o - 2*o = 205. Suppose 0 = 3*z - 2*z - o. What is the tens digit of z?
4
Suppose 4*m - 38 = -7*g + 2*g, 0 = -3*m + 4*g + 13. Suppose -m*n + 2*n = -95. Let d = 5 + n. What is the tens digit of d?
2
Suppose 0 = -9*v + 6*v + 12. Suppose f - v*t = 11, 3*f - 11 = -2*f - 2*t. Let b(c) = 2*c - 4. What is the units digit of b(f)?
2
Let y be -12 + 10 - ((-12)/(-3) - 2). What is the tens digit of 489/12 - 1/y?
4
Let t(c) = 22*c**2 - 10*c - 262. What is the hundreds digit of t(-11)?
5
Let x(r) = -r**2 + 7*r + 3. Suppose -14 = 3*s - 5*s. Let q be x(s). Let o(y) = 6*y - 5. What is the tens digit of o(q)?
1
Let x(z) be the first derivative of -z**3/3 - 4*z**2 + 9*z - 11. What is the units digit of x(-8)?
9
Let f(q) = 2*q**2 + 2*q - 6. Let g(n) = n**3 + 8*n**2 + 8*n. Let k be g(-7). What is the tens digit of f(k)?
7
Let c be -4 + (4 - (-176 - -3)). Let q be c/7 - (-2)/7. Suppose 0*d + 3*d - q = -5*a, 5*a + 4*d - 20 = 0. What is the units digit of a?
8
What is the hundreds digit of (326/2)/((5/3)/5)?
4
Let q(n) = n**3 + 16*n**2 + 9*n + 4. Let o be q(-9). Suppose 3*p + 133 = o. What is the hundreds digit of p?
1
Let j(i) = 19*i + 7. Let l(w) = -19*w - 6. Let m be ((-27)/(-15))/(3/10). Let z(s) = m*l(s) + 5*j(s). What is the tens digit of z(-1)?
1
Suppose 3*k - 106 = -s + 148, -4*s = -5*k - 965. Suppose 27 + s = 8*u. What is the units digit of u?
4
What is the units digit of 1386/(-21)*(1 + 11/(-2))?
7
Let b(k) = 1023*k + 358. What is the hundreds digit of b(2)?
4
Suppose 232*w - 2*h - 4245 = 231*w, -4*w - h + 16935 = 0. What is the tens digit of w?
3
What is the units digit of (748/3)/((-13)/(-39))?
8
Let b(d) = 2*d - 20. Let u be b(11). Suppose -u*m = -m. Suppose 2*c - 6*c + 144 = m. What is the tens digit of c?
3
Suppose 2*n - 10*z + 12*z = 7140, -2*n + 7138 = 4*z. What is the units digit of n?
1
Let p(t) = 216*t**2 - 32*t - 65. What is the tens digit of p(-2)?
6
Suppose -5*u + 2*i - 7955 = -8*u, -u = -i - 2655. What is the hundreds digit of u?
6
What is the units digit of 2*19386/12*3/9?
7
Let b = 2 - 2. Suppose b = -2*z - 3*z + 5*o + 185, z - 28 = -2*o. What is the tens digit of z?
3
Suppose -3*l = 2*l - 60. Suppose l = n - 0*n. What is the units digit of n?
2
Let o(l) be the second derivative of -l**5/20 + 11*l**4/12 - 5*l**3/3 + 6*l**2 + l. Let x be o(10). Suppose 2*u - x - 10 = 0. What is the tens digit of u?
1
Suppose 6*d = 5*d + 5*h + 503, -961 = -2*d - 5*h. What is the tens digit of d?
8
Suppose 2*t - 54*b = -59*b + 4041, 4081 = 2*t - 3*b. What is the hundreds digit of t?
0
Suppose 3*m - 5*z - 984 = -8*z, 0 = -m - 2*z + 331. What is the units digit of m?
5
What is the hundreds digit of (-5)/(-3 + 392/131)?
6
Suppose j = -5*j - 6. What is the tens digit of j*2 + (-732)/(-6)?
2
Suppose -8*x = -3*x - 5*p - 985, -5*x + 3*p = -983. What is the tens digit of x?
9
Let m = 3274 - 1350. Let g be m/30 + 2/(-15). Suppose 2*c = 188 - g. What is the units digit of c?
2
Let u(g) = -g**3 - 10*g**2 - 2*g - 5. Let f be u(-10). Let z = f + -2. What is the tens digit of z?
1
Let f be 594/30 - 1/(-5). Suppose 3*j = 3*y - 15, 0 = -0*y - 2*y + j + 8. Let z = f + y. What is the tens digit of z?
2
Suppose -2*x = 3*h - 3919, 9*x - 8*x - 3*h = 1955. What is the units digit of x?
8
Let d be (-2)/4 + (-33)/(-6). Suppose 4*k = d*z + 68, 4*z - 4*k = -9*k - 38. Let m = z - -24. What is the tens digit of m?
1
Let t = 33 + -177. What is the units digit of 2/18 + (-3152)/t?
2
Suppose 375 = -2*z + 5*z. Let r = z - 70. What is the units digit of r?
5
Let s(r) = 3*r**3 + 4*r**2 - 9*r - 22. What is the hundreds digit of s(8)?
6
Let l be (-112)/(-48)*(2 + 1). Suppose 280 = -3*i + l*i. What is the units digit of i?
0
Suppose 2*q + 0*q + d - 19 = 0, -3*q + 4*d + 12 = 0. Let x be 0*-4*(-1)/q. Suppose 2*u = 5*i + 63, 81 = 2*u - x*u + i. What is the units digit of u?
9
Let o(c) = -2*c**2 + 2*c. Let v be o(-1). What is the units digit of 570*v/(-28) + 12/(-28)?
1
Let z = -950 + 3730. What is the units digit of z?
0
Let a(h) = 185*h**2 + h. Suppose -13*y - 11 = -2*y. What is the hundreds digit of a(y)?
1
Suppose 2*q + 864 = 1488. What is the hundreds digit of q?
3
Suppose 2*v - 1083 = -h, -v + 546 = h + h. What is the hundreds digit of v?
5
What is the units digit of (-18 - -19)/((-1)/(-2374))?
4
Let m(t) = 3*t**3 - 2*t**2 + t - 12. What is the units digit of m(7)?
6
Let c = 342 + -338. Suppose 5*u = -3*f + 102, -2*f = -5*f - 2*u + 111. Suppose -198 = -5*i - 3*w, c*i - f = -w + 118. What is the units digit of i?
9
Let w = 3 + -1. Let g be 2/(2/10*w). Suppose -g*z - 4*y = -2, -z + 0*y - 8 = 5*y. What is the units digit of z?
2
Let s(h) = 6 - h**2 + 4*h - 1 + 7 - 17*h. Let g be (1 - 2)/((-2)/(-26)). What is the units digit of s(g)?
2
Let b be ((-1 - 0)*0)/(-1). Let s be (b - -1)*32 + 2. Suppose 4*y - s - 10 = 0. What is the units digit of y?
1
Let k(g) = 46 - g + 0*g**3 + 3*g**2 - g**3 - g**2. Let x be (-25)/100 - 1/(-4). What is the units digit of k(x)?
6
Suppose 11*v = 6*v + 20. Suppose 2*z - h + 6*h = -13, -3*h - 13 = -v*z. What is the units digit of z?
1
Let p = -2 - -5. Suppose -3*v - p = -12. Suppose -2 = -v*r + 13. What is the units digit of r?
5
Let a = 374 - 150. Suppose a = 3*n - n. Suppose 5*q = 9*q - n. What is the tens digit of q?
2
Let m = 12443 + -8707. What is the units digit of m?
6
Let p(c) = 832*c - 56. What is the hundreds digit of p(2)?
6
Let y(n) = -6*n + 3. Let p be y(2). Let i(r) = -r**2 - 16*r + 12. What is the units digit of i(p)?
5
Let a be ((4 - 9) + 4)*-4. Let y be a*((-55)/5 + 1). Let t = y + 63. What is the tens digit of t?
2
Let f(v) = 9*v**2 + 2 + 1 + v**2 + 5*v. Suppose -6*x + 10*x = -8. What is the units digit of f(x)?
3
Suppose 3*j + w = 59, 9*j - 8*j - 3*w = 23. What is the tens digit of j?
2
Let y(s) = 418*s**2 - 13*s - 13. What is the hundreds digit of y(-1)?
4
Suppose -5*w = -7*w, -p - 2*w + 1639 = 0. What is the units digit of p?
9
Let f(v) = v**2 + v - 1. Let u be f(-2). What is the units digit of (5/(-60)*-15)/(u/40)?
0
Let j(c) = 5*c**2 - 4*c - 1. Let x be j(2). Suppose 2*k - x*k = -783. What is the tens digit of k?
8
Suppose 11*u - 13*u + 54 = 0. What is the tens digit of 1/2 - u/12*-66?
4
Let u be -2 + 1 + (4 - 0). Suppose u*k = 4*c + 273, -376 = -4*k + 3*c - 12. What is the units digit of k?
1
Let q = 16 + -12. Suppose p - q = -0*p. Suppose p*j - 6 = 14. What is the units digit of j?
5
Let k = 1850 + -1030. What is the hundreds digit of k?
8
Let o(i) = 2*i + 16. Let l be o(-7). Let p be l + 1 + (-1 - -1). Let a(u) = u**3 + 2*u**2 + 5*u - 3. What is the tens digit of a(p)?
5
Suppose -3*d - g = -799, 2*d + 11*g - 7*g - 526 = 0. What is the hundreds digit of d?
2
Let x = 4 - 3. Suppose s - x = 1. Suppose s - 8 = -f. What is the units digit of f?
6
Let a = -5313 + 8952. What is the tens digit of a?
3
Let n = 2806 - 1874. What is the tens digit of n?
3
Let o(y) = -y**3 + 8*y**2 + 8*y. Let z be o(9). Let u(i) = i**3 + 9*i**2 - 6*i - 9. Let v be u(